*l + j + 3 = -11, 5*j = 4*l - 22. Suppose -8*a = -l*a - 1775. What are the prime factors of a?
5, 71
Let v(n) = 83*n**2 + 3*n - 10. Let t be (-4)/(-14) - (-48)/28. What are the prime factors of v(t)?
2, 41
Let p(t) = -2 - 10 + 13. Let b(m) = -39*m - 16. Let u(j) = b(j) - 4*p(j). List the prime factors of u(-6).
2, 107
Suppose -8610 = 2*f - 17*f. Let i = f + -258. Suppose -2*p + 2*r + 162 = -i, 4*p - 921 = -3*r. List the prime factors of p.
2, 3, 13
Let y(x) = -x**3 - 3*x**2 - 7*x - 3. Let v be y(-5). Suppose v = -4*l + 18. What are the prime factors of (2 - (-38)/(-3))*24/l?
2
Suppose -295*o + 16259369 = 84*o - 1607828. What are the prime factors of o?
47143
Suppose -27450 = 25*y - 169275. What are the prime factors of y?
3, 31, 61
Suppose 63*q - 55*q - 53499 - 86317 = 0. What are the prime factors of q?
17477
Let j be (3/5)/((-1)/10). Let g be 661 + 2*3/j*1. Suppose -11*v + 7*v = -g. List the prime factors of v.
3, 5, 11
Let q = 24641 + -23815. List the prime factors of q.
2, 7, 59
Let g = 2924 - 1559. Suppose -2*m = -9*m + g. List the prime factors of m.
3, 5, 13
Let a = 22578 + -8462. What are the prime factors of a?
2, 3529
Let x(v) = 15*v + 1 + 0 + 3*v**2 + 4 + 3*v. Let w be x(-6). Let t(d) = -d**3 + 8*d**2 - 9*d - 3. What are the prime factors of t(w)?
3
Suppose c - 26 = -2*s + 4*c, -s = 5*c. Suppose 0 = 11*f - 16*f + 455. Suppose s*k - f = -11. What are the prime factors of k?
2
Let z = 221 - 318. Let a = z + -33. What are the prime factors of (-1)/(-4 - 518/a)?
5, 13
Let t be 988/(-1*6/24*-1). Suppose -5*j = -2*l - 4933, 5*j - t = j - 4*l. What are the prime factors of j?
3, 7, 47
Let f be (-4 + -3)*(0/(-1) - -3). Let g(j) = -41*j - 153. List the prime factors of g(f).
2, 3, 59
Let k = -1909 - -11156. What are the prime factors of k?
7, 1321
Let y = -3671 - -10531. What are the prime factors of y?
2, 5, 7
Let h(d) be the second derivative of -9*d**3/2 - 13*d**2/2 + 20*d. Let w be h(-4). Let j = 205 - w. List the prime factors of j.
2, 5, 11
Let j(a) = -2*a**2 + 2*a - 2. Let n be j(2). Let v be (-8)/n - 10/(-15). Suppose -2*s + 97 = v*h - 159, 2*h + 2 = 0. What are the prime factors of s?
3, 43
Let l = 816 - 545. Suppose -i = n - 1, 4*n - 2*i + 8 = 36. Suppose 1246 = n*o + l. List the prime factors of o.
3, 5, 13
Let a(n) = 3236*n**2 + 139*n - 431. What are the prime factors of a(3)?
2, 5, 41, 71
Suppose -3*p - 3*i + 15 = 0, 5 = 3*i - 2*i. Suppose -8 = -v - 5*b, -4*b + 76 - 78 = -2*v. Suppose -v*j + 36 = -p*j. List the prime factors of j.
2, 3
Let j(d) = -d**3 - 18*d**2 - d - 36. Let w be j(-18). Let u be w/4 - (-5)/10. What are the prime factors of 3 + (16/u - -7)?
2, 3
Let r(s) = -2*s + 148. Let d be r(12). Suppose -2*f - 5*a = -47, 5*f - 191 = a - 6. Let w = d - f. What are the prime factors of w?
2, 11
Suppose 31*r + 1 = 1. Suppose -4*z + 349 = -4*b - 663, -5*z + 4*b + 1266 = r. List the prime factors of z.
2, 127
Suppose -m + 936 = -3*i, -2*m + 6*i = 11*i - 1927. Suppose -46*d = -51091 + m. List the prime factors of d.
2, 5, 109
Let c(i) = -4*i - 75. Let g be c(-32). Suppose 0 = -g*l + 39*l + 14070. What are the prime factors of l?
3, 5, 67
Suppose 314*t = 183*t + 546794. List the prime factors of t.
2, 2087
Suppose -l - 46*q + 43*q = -27109, 5*l - q = 135673. List the prime factors of l.
43, 631
Suppose 24*w - 69394 - 79245 - 119849 = 0. List the prime factors of w.
3, 11, 113
Let r(j) = -2*j**3 + 163*j**2 - 321*j + 274. List the prime factors of r(75).
2, 11, 19, 59
Suppose 5*m = -30 + 75. Suppose 10*s + m*s = 13794. What are the prime factors of s?
2, 3, 11
Suppose -3*o = 2*s + 2 + 4, 5*s + 4*o + 8 = 0. Suppose 5*v + 43*f - 48*f - 9105 = 0, 2*f + 10 = s. What are the prime factors of v?
2, 227
Let d(c) = -26*c**3 + 20*c**2 - 62*c - 65. What are the prime factors of d(-11)?
37643
Suppose -k = -4*x + 11, 4*k + 10 = 2*x - 3*x. Let l be 0 + -15 + 10 + 1. List the prime factors of 1 - (-99 + 1) - l/x.
101
What are the prime factors of (-6)/4*(-13395 - -59) - 1?
83, 241
Suppose 25*x - 30*x = -10. Let c(f) = x - 10*f - 7 - 43. List the prime factors of c(-18).
2, 3, 11
What are the prime factors of (246/205)/((-339294)/113100 - -3)?
2, 3, 5, 13, 29
Let x = 62211 - 10108. List the prime factors of x.
52103
Let s(w) = -19526*w + 527. What are the prime factors of s(-1)?
11, 1823
What are the prime factors of (-8958)/(-1) - (-5 - -9)?
2, 11, 37
Suppose 0 = 15*i - 70013 - 1567. What are the prime factors of i?
2, 1193
Let p(i) = i**3 + 22*i**2 + i + 22. Let h be p(-22). Suppose -g + 4 = -4*d, -5*g + 2*d = -h*g + 16. Let y = g - -47. What are the prime factors of y?
43
Let i be 3 + (16/1 - (-7)/7). What are the prime factors of (-3465)/i*40/(-15)?
2, 3, 7, 11
Let i(a) = -a + 1. Let w be i(-1). Let m be (-298)/(-15) + w/15. List the prime factors of ((-8)/m)/((-408)/(-410) + -1).
2, 41
Suppose 0 = 3*q + 5*x - 20, 5*q - 25 = 5*x + 35. List the prime factors of (5/1)/(q - (-969)/(-97)).
5, 97
Suppose -36*s + 16 = -32*s. Let g(m) be the third derivative of 47*m**4/24 + m**3/2 + 7*m**2. What are the prime factors of g(s)?
191
Let m be 7 - (3 + -6 + 5). Suppose 1208 = -d + m*d. List the prime factors of d.
2, 151
What are the prime factors of 4*-1 + (32 - 27) - -3818?
3, 19, 67
Let u(m) = 42*m**2 + 4573*m + 36. List the prime factors of u(-116).
2, 5, 7, 31
Let g be ((-18)/(-12))/(3/(-52)). Let n(b) = 1405*b + 1401*b + 28 - 2809*b. What are the prime factors of n(g)?
2, 53
Suppose -4*s = 4*u - 5784, -3*s + s + 2*u + 2880 = 0. Let j = -718 + s. List the prime factors of j.
5, 29
Suppose -2*w - 17 = -27. Suppose 0 = -5*t - 2*h + 1910, -4*t - t = w*h - 1910. List the prime factors of t.
2, 191
Let b be 59731/23 + 4*-1. Let p = b + -1703. List the prime factors of p.
2, 5, 89
Let c = 64568 - 29613. List the prime factors of c.
5, 6991
Let v be -51*(0 - -2 - (-322)/(-42)). Let t = -165 + v. Suppose -129*j + 1080 = -t*j. What are the prime factors of j?
2, 3
Suppose 6*b - 32706 - 54492 = 0. List the prime factors of b.
14533
Let o = 15381 - 6738. What are the prime factors of o?
3, 43, 67
Let c be (-3 - -4)/(4/(-48)*2). Let x be (-1)/c + (-132)/(-72). Let j(i) = 2*i**3 - 2*i**2 + 3*i + 1. List the prime factors of j(x).
3, 5
Let o = 27 + -5. Let w = o + -28. List the prime factors of 0 - (w/(-8))/(3/(-156)).
3, 13
Suppose 0*v + 112 = -2*v. Let g = v - -53. What are the prime factors of 13/((-1)/(2*g))?
2, 3, 13
Let r be 6/63*7*(1 + 23). Suppose -5 + r = h. Suppose -h*i + 110 = -10*i. List the prime factors of i.
2, 5, 11
Let h be (40/3)/(2/21). Let z = 144 - h. List the prime factors of z.
2
Suppose 11*i = 7*i + 9*i - 65485. List the prime factors of i.
7, 1871
Suppose 47 = 5*g + 2. Suppose -2*j = 5*r - g*r - 28, -5*j = 4*r - 84. List the prime factors of 1833/9 + -1 + j/(-24).
2, 101
Let s = -4 + 0. List the prime factors of 8508/24 - 2/s.
5, 71
Let c(w) be the second derivative of w**4/12 + w**3/3 + w**2/2 + 17*w. Let g be c(-3). Suppose -13 = 5*t + 7, -g*x + 196 = 4*t. List the prime factors of x.
53
Let d be 4/((-16)/12) + 3. Suppose -4*y - 2*u + 554 = d, y - 4*u = 2*y - 121. Let k = y + -104. What are the prime factors of k?
37
Let o be -3 + ((-3)/9 - (-27071)/33). Let z = o + -477. What are the prime factors of z?
2, 5, 17
Suppose 2*v - 8130 = -4*v. Suppose -5*h + 2*h + v = 5*a, 0 = -3*h - 4*a + 1360. What are the prime factors of h?
2, 5, 23
Suppose -28*v + 25*v - 4*f + 19428 = 0, 2*v - 12952 = 2*f. What are the prime factors of v?
2, 1619
Let g(t) = 738*t + 38. List the prime factors of g(13).
2, 7, 43
Suppose -9*o - 91605 - 79359 = 0. List the prime factors of (3 - (-40)/(-12))/(4/o).
1583
Suppose -957484 = 2*k - 49*k - 0*k. List the prime factors of k.
2, 11, 463
Let w = 208 + -124. Let q = w + -82. Suppose -q = -9*z + 11*z, 2*z - 289 = -f. List the prime factors of f.
3, 97
Suppose 2*o - 32 = -0. What are the prime factors of 8/(-3)*(-516)/o?
2, 43
Let h(d) = -d**3 - 15*d**2 + 3*d + 35. Let g be h(-8). Let v = g - -1437. What are the prime factors of v?
2, 5
Let n(v) = -v**2 - 7*v + 39. Let m be n(-11). List the prime factors of ((-7)/35*m)/(3/1002).
2, 167
Let b(j) = -j**2 - 4*j - 4. Let y be b(-3). Let h be ((-12)/(-20) - (y + 2))*-5. Suppose h*f - 64 = 90. List the prime factors of f.
7, 11
Let h = -9976 - -18425. List the prime fact